s 110 (base 2) in base 3?
20
Convert 1 (base 8) to base 13.
1
20 (base 7) to base 6
22
-13 (base 12) to base 11
-14
What is 101 (base 2) in base 14?
5
Convert 1 (base 3) to base 4.
1
What is 0 (base 7) in base 13?
0
Convert -10220 (base 3) to base 13.
-81
-d (base 16) to base 6
-21
What is -665 (base 7) in base 11?
-290
What is -11 (base 7) in base 10?
-8
Convert -363 (base 11) to base 12.
-300
What is -200 (base 3) in base 6?
-30
f (base 16) to base 13
12
What is 4 (base 16) in base 12?
4
Convert 4 (base 5) to base 3.
11
Convert 19 (base 11) to base 16.
14
What is -12a (base 13) in base 5?
-1310
Convert -3 (base 8) to base 2.
-11
-1100000 (base 2) to base 7
-165
-344 (base 5) to base 14
-71
What is -74 (base 14) in base 15?
-6c
What is -122 (base 3) in base 16?
-11
-4 (base 13) to base 8
-4
111 (base 13) to base 3
20210
0 (base 7) to base 10
0
Convert 148 (base 10) to base 6.
404
-10 (base 14) to base 3
-112
16 (base 14) to base 11
19
What is 1 (base 10) in base 2?
1
What is -6 (base 13) in base 4?
-12
Convert 6 (base 13) to base 14.
6
Convert 111001 (base 2) to base 10.
57
Convert 8 (base 13) to base 10.
8
Convert -2 (base 3) to base 2.
-10
What is -8 (base 15) in base 16?
-8
Convert 21 (base 9) to base 12.
17
Convert 10001 (base 2) to base 9.
18
Convert 401 (base 5) to base 4.
1211
Convert -43 (base 16) to base 8.
-103
Convert 2 (base 16) to base 14.
2
Convert 52 (base 7) to base 15.
27
Convert -7d (base 14) to base 5.
-421
100000001 (base 2) to base 15
122
Convert 1 (base 5) to base 9.
1
What is 2 (base 13) in base 8?
2
What is 4 (base 15) in base 9?
4
44 (base 12) to base 8
64
Convert 33 (base 5) to base 11.
17
1b4 (base 13) to base 9
381
-105 (base 11) to base 4
-1332
What is -122 (base 6) in base 4?
-302
15 (base 7) to base 2
1100
Convert 1011 (base 4) to base 16.
45
-1 (base 9) to base 6
-1
What is -4a (base 13) in base 7?
-116
What is -1 (base 6) in base 13?
-1
-10 (base 4) to base 12
-4
Convert -1 (base 2) to base 15.
-1
3 (base 13) to base 9
3
What is -5 (base 15) in base 8?
-5
9 (base 14) to base 2
1001
What is -23 (base 6) in base 2?
-1111
Convert 23 (base 7) to base 6.
25
Convert 0 (base 7) to base 16.
0
What is -55 (base 7) in base 6?
-104
3 (base 12) to base 9
3
Convert -68 (base 16) to base 2.
-1101000
Convert 3 (base 12) to base 16.
3
What is 62 (base 7) in base 13?
35
What is -161 (base 7) in base 15?
-62
-9 (base 16) to base 8
-11
Convert -1 (base 5) to base 11.
-1
Convert 106 (base 7) to base 10.
55
What is -44 (base 12) in base 11?
-48
What is 2 (base 13) in base 12?
2
Convert 4 (base 8) to base 9.
4
Convert -14 (base 6) to base 5.
-20
Convert -23 (base 11) to base 4.
-121
Convert 16 (base 11) to base 8.
21
11 (base 4) to base 15
5
Convert -1 (base 13) to base 6.
-1
-11 (base 6) to base 10
-7
Convert -4 (base 10) to base 16.
-4
4 (base 6) to base 8
4
Convert 1012 (base 3) to base 11.
2a
Convert 3 (base 14) to base 8.
3
What is -76 (base 12) in base 10?
-90
What is 41 (base 14) in base 5?
212
What is -2 (base 4) in base 6?
-2
What is 1 (base 16) in base 4?
1
What is -a (base 12) in base 14?
-a
Convert 5 (base 15) to base 2.
101
-24 (base 8) to base 12
-18
What is -11311 (base 4) in base 10?
-373
11 (base 2) to base 3
10
What is 88 (base 13) in base 14?
80
What is -11 (base 3) in base 6?
-4
-11 (base 7) to base 9
-8
14 (base 5) to base 6
13
-10222 (base 3) to base 2
-1101011
1234 (base 5) to base 2
11000010
What is -1012 (base 3) in base 7?
-44
What is -82 (base 13) in base 2?
-1101010
What is -37 (base 11) in base 10?
-40
Convert 1 (base 4) to base 11.
1
Convert 59 (base 14) to base 9.
87
Convert -12 (base 3) to base 6.
-5
423 (base 6) to base 5
1114
What is 4 (base 11) in base 12?
4
1 (base 2) to base 16
1
Convert -3 (base 4) to base 2.
-11
What is 1010 (base 4) in base 5?
233
What is 321 (base 9) in base 13?
172
Convert -2 (base 7) to base 6.
-2
What is -11 (base 4) in base 10?
-5
Convert 2 (base 16) to base 15.
2
What is 17 (base 12) in base 9?
21
Convert -68 (base 13) to base 5.
-321
Convert 0 (base 15) to base 7.
0
Convert -1 (base 9) to base 13.
-1
0 (base 14) to base 5
0
Convert 185 (base 9) to base 11.
134
What is 5 (base 7) in base 10?
5
Convert 30 (base 10) to base 9.
33
Convert -8b (base 15) to base 14.
-95
What is -12 (base 11) in base 7?
-16
10 (base 4) to base 6
4
What is -1210 (base 3) in base 13?
-39
What is -200 (base 9) in base 5?
-1122
What is -1212 (base 4) in base 8?
-146
79 (base 14) to base 8
153
What is 3 (base 7) in base 4?
3
What is 1 (base 2) in base 7?
1
Convert 27 (base 10) to base 16.
1b
Convert 59 (base 14) to base 12.
67
2 (base 15) to base 3
2
-120 (base 6) to base 4
-300
Convert 2 (base 10) to base 7.
2
1000111 (base 2) to base 15
4b
What is -2e (base 16) in base 2?
-101110
What is 0 (base 12) in base 14?
0
-9 (base 13) to base 14
-9
What is -1 (base 12) in base 11?
-1
What is -3 (base 9) in base 5?
-3
What is 11 (base 6) in base 5?
12
Convert 9 (base 16) to base 12.
9
-1 (base 14) to base 3
-1
Convert -202 (base 5) to base 3.
-1221
-10 (base 12) to base 15
-c
Convert -112 (base 7) to base 8.
-72
-16 (base 11) to base 7
-23
Convert -1 (base 13) to base 2.
-1
-35 (base 14) to base 2
-101111
Convert -21 (base 5) to base 8.
-13
Convert -3 (base 15) to base 16.
-3
233 (base 6) to base 4
1131
What is 1d (base 15) in base 5?
103
What is -5 (base 7) in base 15?
-5
-1 (base 14) to base 8
-1
Convert 20 (base 13) to base 2.
11010
What is 42 (base 15) in base 16?
3e
Convert -2 (base 5) to base 11.
-2
Convert 3 (base 7) to base 13.
3
Convert 10 (base 13) to base 7.
16
-18 (base 10) to base 2
-10010
Convert 1 (base 2) to base 9.
1
1 (base 2) to base 8
1
Convert 0 (base 12) to base 13.
0
Convert -5 (base 16) to base 13.
-5
What is 11100010 (base 2) in base 4?
3202
What is e (base 16) in base 5?
24
What is -7 (base 12) in base 8?
-7
What is 3 (base 15) in base 4?
3
Convert -1 (base 5) to base 2.
-1
What is 27 (base 9) in base 16?
19
What is 1a (base 12) in base 4?
112
What is 12 (base 5) in base 10?
7
Convert 100111 (base 2) to base 9.
43
What is -3 (base 6) in base 10?
-3
Convert -132 (base 5) to base 7.
-60
Convert 33 (base 13) to base 7.
60
6 (base 11) to base 13
6
144 (base 11) to base 6
441
What is 23 (base 16) in base 5?
120
Convert 22 (base 4) to base 5.
20
What is -2 (base 15) in base 2?
-10
What is 114 (base 5) in base 15?
24
Convert -11100000 (base 2) to base 4.
-3200
Convert -11 (base 11) to base 4.
-30
What is 21 (base 7) in base 13?
12
What is 312 (base 8) in base 3?
21111
What is -1d (base 14) in base 5?
-102
Convert 13 (base 7) to base 10.
10
Convert -111 (base 3) to base 2.
-1101
43 (base 5) to base 4
113
What is -4 (base 5) in base 16?
-4
What is 1d (base 14) in base 11?
25
What is 10 (base 11) in base 6?
15
22 (base 9) to base 6
32
What is -17 (base 8) in base 13?
-12
Convert -5 (base 15) to base 14.
-5
What is 2 (base 9) in base 12?
2
0 (base 4) to base 8
0
11 (base 3) to base 5
4
What is -1 (base 8) in base 4?
-1
What is 4 (base 10) in base 11?
4
3 (base 6) to base 9
3
-5 (base 14) to base 6
-5
Convert -18 (base 12) to base 11.
-19
What is 4 (base 14) in base 4?
10
Convert -11 (base 10) to base 2.
-1011
4 (base 11) to base 7
4
Convert -66 (base 13) to base 4.
-1110
What is -86 (base 9) in base 5?
-303
-2 (base 16) to base 15
-2
Convert -1 (base 13) to base 11.
-1
What is 5 (base 9) in base 13?
5
Convert 1 (base 8) to base 12.
1
What is 3 (base 15) in base 12?
3
Convert 1 (base 9) to base 13.
1
What is 0 (base 7) in base 4?
0
-101 (base 2) to base 11
-5
221 (base 4) to base 13
32
What is -2 (base 4) in base 13?
-2
Convert 0 (base 12) to base 10.
0
-18 (base 12) to base 15
-15
What is 1 (base 16) in base 11?
1
-30 (base 16) to base 12
-40
Convert 160 (base 7) to base 2.
1011011
What is -42 (base 12) in base 5?
-200
What is 310 (base 4) in base 6?
124
Convert -1 (base 4) to base 6.
-1
What is 31 (base 15) in base 8?
56
-42 (base 11) to base 7
-64
-28 (base 9) to base 5
-101
2 (base 9) to base 7
2
What is 123 (base 4) in base 14?
1d
Convert -79 (base 10) to base 4.
-1033
Convert 153 (base 15) to base 16.
12f
What is 8b (base 12) in base 6?
255
7 (base 12) to base 8
7
Convert 2 (base 14) to base 13.
2
1 (base 12) to base 6
1
-103 (base 4) to base 16
-13
Convert -1 (base 6) to base 10.